et f(y) = 32*y - 44. Let j be f(5). Let n = j - -23. What is the tens digit of n?
3
Let p be 1*(24/132 + (-68)/11). Let f(g) = -g**3 - 12*g**2 - 6*g - 29. Let b be f(p). What is the hundreds digit of (-12)/(4 - 8)*b/(-3)?
2
Suppose 27*x - 56 - 79 = 0. Suppose 0*t = x*k + 4*t - 3693, t - 2 = 0. What is the tens digit of k?
3
Let z(d) be the second derivative of -5*d**4/12 - 7*d**3/6 - 3*d**2/2 + 2*d. Let i be z(-5). Let c = -51 - i. What is the tens digit of c?
4
Let c = -29972 + 62747. What is the ten thousands digit of c?
3
Let c be (-10)/(-6) + 8/24. Let z be c*(-2)/(-4)*177. Let v = z + -126. What is the tens digit of v?
5
Let s = -31559 - -64838. What is the hundreds digit of s?
2
Let u = -19461 + 33158. What is the ten thousands digit of u?
1
Let u(o) = -1840*o**2 - 4*o - 4. Let c be u(-2). What is the units digit of 2/16*-2 - c/48?
3
Let r(d) = -16*d**3 - 12*d**2 + 73*d + 442. What is the ten thousands digit of r(-12)?
2
Suppose 0 = -84*l + 79*l - 545. Let b = -124 - l. What is the units digit of b/((-60)/8) - (-146)/1?
8
Let c(d) = 13*d**2 - d + 6. Let h(a) = -52*a**2 + 3*a - 25. Let m(v) = 9*c(v) + 2*h(v). Let y be m(-4). Let n = 355 - y. What is the hundreds digit of n?
1
Let g(i) = -i**3 + 34*i**2 + 17*i + 190. What is the hundreds digit of g(18)?
6
Suppose -1160*p + 1163*p = 0. Suppose -2*j - 3*y = -342, 3*y + p*y - 171 = -j. What is the hundreds digit of j?
1
Suppose 2*j - 4*p + 1618 + 202 = 0, -4*p = -5*j - 4568. Let a = j - -1373. Suppose -6*t + a = 55. What is the units digit of t?
7
Let r(y) = -880*y + 2239. What is the hundreds digit of r(-6)?
5
Suppose 8*o = 17*o - 18. Suppose -o*m - 1944 = 34*i - 36*i, 4*i - 3894 = m. What is the hundreds digit of i?
9
What is the ten thousands digit of (5 - -10897) + (-52)/(-13)?
1
Suppose 3*m = 3*c + 6861, 3*m - 11447 = -2*m + c. Suppose m = -20*p + 12750. What is the hundreds digit of p?
5
Let g(y) = 5*y**3 - y**2 + y + 1218. Suppose 0 = 27*p - 40*p. What is the thousands digit of g(p)?
1
Suppose -136*z + 15128 = -132*z - 4*k, -2*z - 3*k + 7549 = 0. What is the thousands digit of z?
3
Let z(k) = -k**3 - 5*k**2 + 10*k + 7. Let p be z(-7). What is the hundreds digit of 21783/21 + (-10)/p?
0
Let n be 3/(-6) - -1 - 84/(-24). What is the units digit of ((-32)/(-52))/n + (-104931)/(-117)?
7
Suppose -498 = -8*j + 214. Let c = j - 127. Let q = c + 119. What is the units digit of q?
1
Suppose -4*i + 20 = 0, 2*v - 3*v - 5*i = -31. Suppose -4*r - 2*x + v = 0, 2*x - 3*x = -3*r - 8. Let d(k) = 51*k**2 + k. What is the tens digit of d(r)?
5
Let p = 73 - 19. Suppose 0 = 11*x - 13*x + p. Suppose 3*i + x = 3*o, i - 24 = -5*o + 39. What is the tens digit of o?
1
Let x = -53265 + 76948. What is the thousands digit of x?
3
Suppose -555*m + 580020 = -534*m. What is the ten thousands digit of m?
2
What is the units digit of ((-4)/3)/((-688)/1020132)?
7
Let v(h) = -h**2 - 17*h + 20. Let z be v(-17). What is the tens digit of (208/z)/((-13)/(-1105))?
8
Let y be 2/(((-16)/(-3))/8). Let s be ((-750)/y)/(4/(-6)). Suppose 5*i - s = -5*r, -2*i = 2 - 6. What is the units digit of r?
3
Suppose 102*m = 103*m, 2*m = 5*v - 182005. What is the units digit of v?
1
Suppose -781 = -10*h + 1679. What is the hundreds digit of h + (3 + 6 + -5 - 3)?
2
Let y = 7100 + 6360. What is the ten thousands digit of y?
1
Suppose r + 24 = 4*q - 4*r, 0 = -4*q - r. Let j(c) = 6*c**3 - 2*c**2 - 2*c + 3. Let n be j(q). Suppose 0 = -3*x + n*x - 92. What is the units digit of x?
6
Let b be (-8 + -2 + 1)*(-1)/3. Suppose k = -0 - 2, -b*u + 3*k + 2337 = 0. What is the hundreds digit of u?
7
Let z = 2410 + -1782. What is the tens digit of z?
2
What is the hundreds digit of -46 + 53 + (-2)/(-2) - -17171?
1
Suppose 0 = 3*s + 5*w - 40843, 0 = 5*w - 6*w + 2. Suppose 22*c = s + 14461. What is the thousands digit of c?
1
Suppose -5*p = -2*v + 30, -v - 3*p + 26 = -0*p. Let a = v + 82. What is the hundreds digit of a?
1
Let t = 638 - 621. Suppose 0 = 4*u + t*u - 24885. What is the units digit of u?
5
Suppose -81*m = -86*m + 18165. Suppose -1367 - m = -8*y. What is the units digit of y?
5
Let r(k) be the third derivative of -k**5/60 + k**4/2 - 5*k**3/6 - 9*k**2. Let f be r(11). Suppose h - f - 64 = 0. What is the units digit of h?
0
Let g(r) be the first derivative of r**7/105 - r**5/60 + r**4/24 - 5*r**3 + 9. Let h(v) be the third derivative of g(v). What is the units digit of h(1)?
7
Suppose -2*p + 13682 = 6*i - 34974, 4*i = 5*p - 121754. What is the tens digit of p?
4
Let c(q) = 11*q - 24. Let y(v) = v**2 + 16*v - 37. Let p be y(-19). Suppose 4*a = p, -3*a + 33 = n + n. What is the units digit of c(n)?
5
Let a(q) be the second derivative of 31*q**3 - 29*q**2/2 - 16*q. What is the hundreds digit of a(3)?
5
Suppose -21 = -18*b + 105. Let o = -10 - -10. Suppose -b*i = 4*z - 2*i - 341, o = 2*z - 5*i - 163. What is the tens digit of z?
8
Let o = -5349 - -15521. What is the hundreds digit of o?
1
What is the hundreds digit of (10 - 2112/112)/((-2)/1561)?
9
Let x(w) = -w**3 + 26*w**2 + 6*w + 67. What is the hundreds digit of x(16)?
7
Let r(m) = 30*m**2 - 41*m - 795. What is the tens digit of r(-13)?
0
Let r(p) = 7578*p**3 - 6*p**2 - 5*p + 39. What is the thousands digit of r(2)?
0
Let f be (-24)/(-40)*(2 - 30 - 7). Let t(l) be the third derivative of -l**6/120 - 7*l**5/20 - 5*l**4/24 - 7*l**3/2 - l**2. What is the tens digit of t(f)?
8
Let g be ((-12)/(-2) - -6)*-2*5. What is the units digit of (630/g)/((-2)/240)?
0
Suppose -181*b - 867329 = 176*b - 4970687. What is the thousands digit of b?
1
Let s be -2*(2230/(-44) + 4/22). Let g = s - -151. Suppose -3*f - f + g = 0. What is the units digit of f?
3
Let f = -6 - -17. Let u(m) = -21*m - m**2 + f - m**2 - 8*m. What is the units digit of u(-13)?
0
Let j be (0 - 1)/7 + (-365602)/(-238). Suppose -3*z + 879 = -j. What is the hundreds digit of z?
8
Let a = 23959 - -1399. What is the ten thousands digit of a?
2
What is the hundreds digit of (-264)/9*2961/(-94)?
9
Let p = 299 + -127. What is the units digit of 6/(p/166 + -1)?
6
What is the thousands digit of ((-156)/(-10))/(((-200)/20)/(-37650))?
8
Let k(c) = 78*c**2 + 2*c. Let p be k(-1). Suppose -p = -3*s + s. Let y = s + -19. What is the units digit of y?
9
Let r be 12066/16 - (-3)/(-24). Suppose -q = -1132 + r. What is the units digit of q?
8
Suppose g - 23 = 19. Let f = -40 + g. Suppose -344 = -f*w - 2*w. What is the units digit of w?
6
Suppose k + 5*r = 1778, -9*r + 12*r = -5*k + 8868. Suppose 26*c - k = 23*c. What is the hundreds digit of c?
5
Let c be 13*-3*(-4)/12. Let g = 22 - c. Let f = g - -30. What is the units digit of f?
9
Suppose 2*p + 3159 + 4138 = 5*i, 3*i - 4391 = -2*p. Suppose -6*r = -627 - i. What is the hundreds digit of r?
3
Let l(p) = 619*p - 1821. What is the tens digit of l(58)?
8
Let k be 12675/156 + (-1)/4. Let q = k + 504. What is the tens digit of q?
8
Suppose -97 = -r + 2*i, 2*r - 186 = -4*i + 24. Let b = r + 529. Suppose -8*t + b = t. What is the tens digit of t?
7
Suppose 5 = -s, -4*n = 4*s - 2*s - 27734. What is the tens digit of n?
3
Suppose 735 = 423*u - 428*u. What is the hundreds digit of (-2450)/u*(-1 + 0 - -64)?
0
Suppose 0 = -205*l - 12*l + 2*l + 3507080. What is the hundreds digit of l?
3
Let b(d) = -1041*d**3 - 10*d**2 + 68*d + 279. What is the ten thousands digit of b(-3)?
2
Let s(q) = 2*q**2 - q. Let b be s(-2). Let a(v) = -26*v**2 + 808*v - 57. Let p be a(31). Suppose -b*l + p*l = -540. What is the units digit of l?
8
Suppose 3*v - 2*k = 163, -66 - 195 = -5*v - 2*k. Let a = -45 + v. Suppose a*z - 18 = 774. What is the tens digit of z?
9
Suppose -3*d - 30778 = 16*o - 21*o, -3*d = 2*o - 12307. What is the thousands digit of o?
6
Suppose -351*f + 368*f = 130373. What is the hundreds digit of f?
6
Suppose 46*j = 69*j - 23. Suppose -5*i = -5*h + 5, 0*h = -5*i - h - 11. What is the units digit of 3 - (-1 + j) - 2*i?
7
Suppose 12*f = -3*o + 15*f + 19842, 3*f + 12 = 0. What is the tens digit of o?
1
Let m(z) = -z**3 - 32*z**2 - 167*z + 34. What is the tens digit of m(-39)?
9
Let u(a) = -2*a**3 - 16*a**2 - 5*a + 77. What is the hundreds digit of u(-8)?
1
Let b(z) = 36*z + 135. Let o(g) = -70*g - 271. Let w(m) = -10*b(m) - 4*o(m). What is the hundreds digit of w(-19)?
2
Suppose 3576 = 18*f - 14*f + 2*z, 0 = 5*f - 4*z - 4483. Suppo